st the prime factors of d.
31
Let g(z) = 0*z + 3*z + z - 5*z - 1. Let j be g(-4). Let c = j - -10. What are the prime factors of c?
13
Let q = -531 + 761. Suppose 3*w - 722 + q = 0. What are the prime factors of w?
2, 41
Let p be ((-372)/48)/((-2)/8). Let v = p + -29. What are the prime factors of v?
2
Let l(s) = -s**3 + 9*s**2 - 5*s - 3. Let u be l(7). Let i be (u/(-8))/(1/(-2)). Suppose i = -3*v, 0 = -c + 2*c + 2*v - 20. List the prime factors of c.
2, 3, 5
What are the prime factors of (-60)/(-6) + (60 - -7)?
7, 11
Suppose -2*f - 186 = -5*v + 152, 3*f - 252 = -4*v. What are the prime factors of ((-2)/2)/((-397)/v + 6)?
2, 3, 11
Let p(g) be the third derivative of -2*g**2 + 0 + 1/6*g**3 + 1/60*g**5 - 1/12*g**4 + 0*g. List the prime factors of p(-2).
3
Let a be (10 - (2 - 4)) + -2. List the prime factors of a*(5 - -2) - -1.
71
Let k(w) = w**2 + w - 6. Let a be k(2). Suppose 0 = 5*j + 4*o - 122, a = 2*j + o + 9 - 56. List the prime factors of j.
2, 11
Suppose v - 3*z = -4*v + 398, -4*v + 312 = 4*z. Let m = v + 57. List the prime factors of m.
2, 17
Let h(w) = -w**3 - 12*w**2 - 7*w + 4. Let x be h(-13). Let f = 386 - x. Suppose 5*a = 4*b + f, -4*b - 63 = -4*a + 37. List the prime factors of a.
2, 11
Let s = -854 + 2006. List the prime factors of s.
2, 3
Let h(q) = -3*q + 2. Let p be h(-1). Suppose 0 = m + p - 9. Suppose 0 = 5*r - 20, -t = -2*r + m*r - 43. List the prime factors of t.
5, 7
Suppose 29*m - 32*m = -6. Suppose 335 = m*b + 3*b. List the prime factors of b.
67
Let b(h) = h**3 + h + 1. Let j be 2/(-11) + (-4)/(-22). Let d be b(j). What are the prime factors of 24 - (d - (0 - -3))?
2, 13
Suppose 12 = -4*a - 2*o, -4*a + 0*a - 12 = -4*o. What are the prime factors of (264/28)/(a/(-21))?
2, 3, 11
List the prime factors of 6/45 - 31801/(-105).
3, 101
List the prime factors of 4/(-26) + (124656/13)/6.
2, 17, 47
Let b(n) = 20*n + 308. What are the prime factors of b(36)?
2, 257
Suppose -4*z - 336 = -508. List the prime factors of z.
43
Let b = -9 - -79. Let r = b - 61. List the prime factors of r.
3
Suppose -y + 3*w = -7, -2*y = -0*y + 2*w + 2. Let i be (-1)/(y + 24/(-20)). List the prime factors of 7 + (i + -1 - 2).
3
Suppose -124*r = -123*r - 307. List the prime factors of r.
307
Suppose -3*h + 0*t = -t - 19, -42 = -4*h - 2*t. Suppose h*u = 3*u + 200. Suppose -5*j + 5*q + 24 = -2*j, 2*q = 5*j - u. List the prime factors of j.
2
Let n be 109/5 - (-10)/50. Let u = -19 + n. Suppose -47 = -u*l + 16. List the prime factors of l.
3, 7
Suppose 78 = w + 2*f, -3*w - f = f - 234. Suppose 4 = 4*a, -a - 4*a = q - w. List the prime factors of q.
73
Suppose -5*y = 5*f - 5685, -5*y + 3*y + 5*f = -2260. What are the prime factors of y?
5, 227
Suppose q + 3*h = h + 262, -2*q + 529 = 3*h. Suppose -k = -4*j + k + q, 5*k = 20. What are the prime factors of j?
2, 5, 7
Suppose 0 = 2*w - 23*j + 21*j - 1170, -577 = -w + 5*j. List the prime factors of w.
587
Let b(f) = f**2 - 5*f + 13. Suppose 10*k - 12*k + 12 = 0. Let j be b(k). Suppose j + 19 = 2*i - 4*y, -5*y + 80 = 5*i. What are the prime factors of i?
17
Let g(o) = 2*o**3 + 38*o**2 - o - 19. Let d be g(-19). Suppose 6*z = z - p + 1566, 5*z - 3*p - 1562 = d. List the prime factors of z.
313
Let j(o) be the second derivative of 11*o**4/3 + 2*o + 24. Let b(u) = -u**2 - u + 1. Let m be b(1). List the prime factors of j(m).
2, 11
Suppose -5*w = -y - 2485, 3*y = w + 6*y - 513. What are the prime factors of w?
2, 3, 83
Let k = 7812 + -3979. What are the prime factors of k?
3833
Suppose -230 = 3*s + 2*i - 1706, -4*i = 3*s - 1470. What are the prime factors of s?
2, 13, 19
Suppose -203 = 15*p - 11273. What are the prime factors of p?
2, 3, 41
Suppose -4*q - 5*d = -643, 0 = 6*d - 4*d - 6. Suppose -162*h = -163*h + q. List the prime factors of h.
157
Suppose -369 = -3*s + 909. List the prime factors of s.
2, 3, 71
Let x = 9 + -6. Suppose -p = -x - 1. Suppose 5*g = h + 329, p*g + h - 107 = 149. What are the prime factors of g?
5, 13
Let u(s) = s**2 + 4*s + 3701. What are the prime factors of u(0)?
3701
Suppose 33*v - 40*v = -4564. What are the prime factors of v?
2, 163
Let g = -115 - -81. Suppose -469 + 139 = -5*w. Let x = g + w. What are the prime factors of x?
2
Let s(v) = 4*v + 12. Suppose -3*f = 4*i - 20, 0*f - 10 = -2*i + 5*f. Let x be s(i). Suppose 137 = 7*r + x. List the prime factors of r.
3, 5
Let m = -28 + -13. Let w = -39 - m. Suppose w*y = 4*y - 84. List the prime factors of y.
2, 3, 7
Let r = -1 - -3. Suppose r*i = -2, 0*i - 3*i + 13 = c. Suppose 2*n + 2*n = c. What are the prime factors of n?
2
Let i(q) = -2 + q - 1 + 13*q - 2*q. Let p be i(6). Let y = p + -28. List the prime factors of y.
41
Let l = 842 - 134. List the prime factors of l.
2, 3, 59
Let b = 9 + -5. Suppose -3*k - b = -k. List the prime factors of 44 + -3 + k + -1.
2, 19
Suppose 2*x - 4741 + 281 = -4*k, -3*k + 5*x = -3371. What are the prime factors of k?
1117
Let x be (-775)/4 + 9/12. Let o = -64 - x. Let z = -91 + o. What are the prime factors of z?
2, 19
Let j be (-3 - (-15)/(-6)) + (-2)/4. Let h(i) = 3*i**2 + 17*i + 13. What are the prime factors of h(j)?
19
Let i = 113 - 245. Let n = -70 - i. List the prime factors of n.
2, 31
Suppose 3*p - 2*b - 10 = 0, 8 = p + 5*b - 1. Suppose -u + 10 = p*u. Let j = 23 - u. What are the prime factors of j?
3, 7
Let g = 29 + 71. List the prime factors of g.
2, 5
Let p = 34 - 31. Suppose -p*h + 7*h = 536. What are the prime factors of h?
2, 67
Let f(a) = 3*a**2 - 27*a + 2. Let l be (-116)/(-10) + 2/5. List the prime factors of f(l).
2, 5, 11
Let t be ((-18)/(-4))/(1/(-2)). Let l(c) = -c**2 + 4*c - 2. Let g be l(4). List the prime factors of g/t - 250/(-9).
2, 7
Let m(o) = 91*o - 3. Let p = -65 + 66. What are the prime factors of m(p)?
2, 11
Let u = 11314 - 6176. List the prime factors of u.
2, 7, 367
Suppose -33*x + 0*x + 31152 = 0. What are the prime factors of x?
2, 59
Suppose -51*m + 70*m - 29678 = 0. What are the prime factors of m?
2, 11, 71
Suppose -2*w = -w - 45. Suppose -6*v = -v + w. Let b = 16 + v. What are the prime factors of b?
7
Suppose -472*c + 449*c + 1541 = 0. List the prime factors of c.
67
Let g be (-1276)/(-10) + 0 - 24/(-60). Suppose 4*q = -2*j + 254, -5*q - 2*j + g = -3*q. List the prime factors of q.
3, 7
Let q be 10*((-6)/(-2) + -2). Let j(p) = p**3 - 11*p**2 + 9*p + 14. Let r be j(q). Suppose -44 = -r*y - c, -3*y + 3*c = -4*y + 11. List the prime factors of y.
11
Let b be (-46)/3*18/12. Let l = b + 40. What are the prime factors of l?
17
Suppose 13 - 41 = -4*p. Suppose -2*r - 2*d + 670 = 0, -p*r + 3*r + 1339 = 3*d. What are the prime factors of r?
2, 167
What are the prime factors of (-1 + 11 + 2569)/1?
2579
What are the prime factors of (4438336/(-98))/(-16) - 4/7?
2, 5, 283
Let n(p) = p**3 + 4*p**2 + 3*p + 2. Let f be n(-3). What are the prime factors of (f - ((-78)/(-15) - 0))*-30?
2, 3
List the prime factors of 6/(4 + 973/(-244)).
2, 61
Let d(b) be the first derivative of b**3/3 - 6*b**2 + 13*b + 8. What are the prime factors of d(14)?
41
Suppose 5*d - 1365 = 1060. List the prime factors of d.
5, 97
Suppose -55 = -4*o + 3*g, -5*o + 35 = -0*o + 3*g. Suppose o*j + 0*j - 1240 = 0. List the prime factors of j.
2, 31
List the prime factors of (-6 + 7 + -5)*-362.
2, 181
Let g(h) = -3*h + 1. Let q be g(4). Let b = q + 13. Suppose b*d = -5*u + 55, 0*d - 3*d = 0. List the prime factors of u.
11
Let g = 1162 - 948. List the prime factors of g.
2, 107
Let v(x) = -51*x + 120. List the prime factors of v(-8).
2, 3, 11
What are the prime factors of (-41 - -35) + (-545)/(-1)?
7, 11
Let p(i) = -2 - 64*i**2 + 2 + 3 + 7*i**2. Let v(k) = 28*k**2 - 1. Let b(l) = 2*p(l) + 5*v(l). What are the prime factors of b(1)?
3
Suppose 4*x + 18 = 58. Let h(d) = -d**3 - d**2 + 4. Let n be h(0). What are the prime factors of (-729)/(-15) + n/x?
7
Suppose 5*p - 4*p - 89 = 2*v, 4*v - 320 = -4*p. Let b = -18 + p. What are the prime factors of b?
5, 13
What are the prime factors of 2/((-2)/12 + 9006/53820)?
2, 5, 13, 23
Let x(w) = w**3 + 6*w**2 + 3*w + 3. Let o = 26 + -33. Let q(k) = k**2 + 8*k + 2. Let j be q(o). What are the prime factors of x(j)?
13
Suppose -2*t - 3*v = -2*v + 2, v = -5*t - 5. List the prime factors of (-2 + -7)*t/1.
3
Suppose -531 - 652 = -13*v. Let o(d) = d**2 + 6*d + 2. Let a be o(-6).